.
-9
Let p be 18/6*4/6. Let c be (-12 - -12)/(0 + p). Let k be (-2)/4*(0 + c). Let n(d) = -d. What is n(k)?
0
Let l be (-24)/(-1)*7/21. Let k(i) = -i**2 + 9*i - 11. Give k(l).
-3
Let o(h) = h**2 + 48*h - 146. Let b be o(3). Let k(l) = -l**3 + 9*l**2 - 15*l - 1. Give k(b).
-8
Let a(j) = 6*j + 6. Let v(y) = y**2 - 17*y - 17. Let w(g) = -8*a(g) - 3*v(g). Suppose 1 = 2*p - 3. Suppose p - 5 = -n. Determine w(n).
-15
Suppose 1 = -5*q + 31. Suppose q*i - 56 = 10*i. Let u be (i/21)/((-1)/6). Let v(m) = -m**2 + 4*m - 4. Give v(u).
-4
Suppose -3 = -0*f - 2*f + 5*v, 3*v + 1 = f. Let r = 5 - f. Let w(m) be the second derivative of -3*m**5/20 - m**4/12 + 8*m. Calculate w(r).
-4
Suppose -9 = -2*i + 1. Suppose 4*t - 51 = -3*d, 2*d + 4*t = 5*d - 27. Let f(k) = 7*k - d + 2*k**2 + 8 - 3*k**2. Determine f(i).
5
Suppose 0 = -6*p - 26 - 22. Let a(h) = 0*h - 5 - 1 - h + 0. Calculate a(p).
2
Let d be (-5)/(-225)*-6 - (-501)/45. Let t(g) = -g**3 + 10*g**2 + 7*g. What is t(d)?
-44
Let r(s) = 48 - s - 100 + 52. Let b(o) = 6*o + o - 2 + 5*o + 3*o**2 - 2*o**2. Let z(d) = b(d) + 5*r(d). Give z(-5).
-12
Let o(f) = -f**3 - 27*f**2 + 35*f + 186. Let n be o(-28). Let w(b) = -b**2 - 13*b - 23. Determine w(n).
7
Let p(a) = -3*a + 6*a + 3*a. Let x(i) = -i**2 + 22*i - 69. Let m be x(18). Calculate p(m).
18
Let j(g) = 33*g - 32*g + 3 + 3 - 2. Let f(s) = s + 3*s - 3*s - 1. Let x be f(1). Give j(x).
4
Let l = 6 - 4. Let k be (3/l)/(12/32). Let y(r) = 2*r - 2. What is y(k)?
6
Suppose 14 - 33 = 3*l + f, -l - 5*f = 11. Let i(q) = q**3 + 7*q**2 + 3*q + 3. What is i(l)?
21
Let r(m) be the first derivative of -m**2 - 3*m + 432. Determine r(-2).
1
Suppose -4*g + 27 = -3*a, -3*g + 9 + 5 = -a. Let m(o) = -o**2 - 2*o - 5. Let v(d) = d - 1. Let r(c) = -m(c) + 3*v(c). Determine r(a).
2
Let n(g) = g + 8*g + 5 + 0*g**2 - g**2. Let i be n(10). Let d(a) be the first derivative of -a**3/3 - a**2 + 3*a - 4. Give d(i).
-12
Suppose -8*t - 10 = -26. Let a = 4 - 1. Let h(i) = 5 - a*i**2 - 6 - i + 6*i**2. What is h(t)?
9
Let m = -45 + 40. Let i(a) = 2*a - 10. Determine i(m).
-20
Suppose 14 = 2*b + 2*j - 0, -2*b - 21 = -5*j. Suppose b*v = v + 2. Let o(p) = -1 + v*p - 4 - 5*p + 2 + 2*p**2. What is o(3)?
6
Let d(b) be the third derivative of b**9/60480 + b**8/2880 + b**7/840 + b**6/720 + b**5/4 + 11*b**2. Let m(l) be the third derivative of d(l). Give m(-6).
1
Let o = 23 - 17. Let t(w) = -w**3 + 6*w**2 - 2*w - 6. Let x be t(5). Let u(d) = -o*d**2 + x*d**2 + d - 11*d**2 - 1. Give u(1).
-8
Let w(o) = 10*o - 66. Let z be w(6). Let n(y) = -y**3 - 7*y**2 - 5*y + 12. Give n(z).
6
Let d(x) = x**2 + 4*x - 17. Let h be d(-6). Let t(z) = -z**3 - 4*z**2 + 3*z + 5. Calculate t(h).
15
Let k(y) = y**2 + 3*y - 1. Let c = -14 - -19. Let t(f) = f**3 - 3*f**2. Let s be t(3). Suppose s = z + c - 2. Calculate k(z).
-1
Let z(k) = -92 + 90 - 8*k**2 + k**3 + k - 2*k + 3*k + 3*k. Calculate z(7).
-16
Let v = 5/36 - -10/9. Let a(c) be the first derivative of -6 + v*c**4 + 1/3*c**3 - c + 0*c**2. Give a(1).
5
Let b be 12/24 + (-14)/(-4). Let x(v) = -11*v + 5*v + b*v + 3*v. Calculate x(-9).
-9
Suppose 54*j + l = 59*j - 44, 4*j + 3*l = 39. Let c(k) = k**2 - 7*k - 13. What is c(j)?
5
Suppose m = -4, 3*p = 2*p + 3*m + 26. Let x(y) = 4 + p*y - 30*y + 15*y. Let a = -1 + 4. Determine x(a).
1
Let j(s) = 15*s**2 - 34. Let o(g) = 2*g**2 - 5. Let t(x) = j(x) - 6*o(x). What is t(-4)?
44
Suppose -4*i = -6*i + 2. Suppose 1 = j - i. Let s(q) = 10*q + q**2 - 1 - 11*q + q**j. What is s(2)?
5
Let z(j) be the first derivative of -2*j**4 + 2*j**3/3 - j + 209. What is z(-1)?
9
Let v(g) be the first derivative of -g**5/40 - 5*g**4/24 + 2*g**3 - 12. Let c(x) be the third derivative of v(x). Determine c(-4).
7
Let p = 78 - 69. Let j(b) = -10*b - 3 - 9*b**3 + 10*b**2 + 7 + 8*b**3. Let r be j(p). Let k(a) = -a. What is k(r)?
5
Let t = 1086 - 1079. Let g(p) = 6*p - 17. What is g(t)?
25
Suppose 3*a + 4 = 4*j - 7, 0 = -2*a - 2. Let i(l) = -l**3 + 10*l**2 - 4 + 5 - 10*l**2 + 2*l. Determine i(j).
-3
Let z(a) = -5*a**2 - 21. Let m(n) = 2*n**2 + 10. Let u(w) = -7*m(w) - 3*z(w). Suppose 67*h = 13 - 13. Calculate u(h).
-7
Let o(y) = y. Suppose h - 19 = 4. Let x = h - 18. Suppose x*s + 15 = -0*s. Calculate o(s).
-3
Let c(z) be the second derivative of -2*z**3/3 - 3*z. Let p(m) = -5*m. Let w(r) = -3*c(r) + 2*p(r). Determine w(3).
6
Let j(r) = -r - 1. Let h = -15 - -113. Let b = 99 - h. Give j(b).
-2
Let k(o) = -2*o**2 - 11*o - 5. Let c = 244 + -251. What is k(c)?
-26
Let g(b) be the first derivative of -b - 4 + 3*b**2 - 1/3*b**3. Calculate g(5).
4
Let f(m) be the first derivative of m**7/840 - m**6/45 + m**5/15 - 5*m**4/12 - 3*m**3 - 4. Let i(r) be the third derivative of f(r). What is i(7)?
-3
Let d(k) = k**2. Let o(b) = -6*b**2 - 2*b - 2. Let l(x) = -5*d(x) - o(x). Let c = -18 - -13. Give l(c).
17
Let n(k) = -k**2 + 8*k - 4. Suppose -13 = -3*i - c + 6, 3*i - 27 = 3*c. Calculate n(i).
3
Let u(l) be the first derivative of -l**3/3 + l**2 - l + 131. Determine u(0).
-1
Let g(i) = -26*i**3 - i**2 - 2*i - 1. Suppose -a = 2*y + 4, 2*a = 4*y - 9*y - 9. Give g(y).
26
Let f(b) = -b**3 - 7*b**2 - 6*b + 2. Let v be f(-6). Let m(u) = -292*u**2 + 5*u + 291*u**2 + v*u. Calculate m(7).
0
Let c(o) be the first derivative of 0*o**2 + 1/40*o**5 + 0*o**4 + 0*o - 2/3*o**3 + 8 + 1/360*o**6. Let j(h) be the third derivative of c(h). Give j(-5).
10
Let p(s) be the second derivative of s**3/3 - s**2/2 - 11*s. Let r be p(4). Let w(c) = -c**3 + 6*c**2 + 7*c - 1. Calculate w(r).
-1
Let u(b) = b**3 + 5*b**2 - 2*b - 10. Let o be u(-5). Let s(k) = 11*k**2 - 5. Let v(i) = -4*i**2 + 2. Let t(r) = 3*s(r) + 8*v(r). What is t(o)?
1
Suppose -f + 26 = -5*y, -3*f - 20 - 4 = 2*y. Let m(o) be the second derivative of 5*o + 0*o**2 + 1/20*o**5 + 1/3*o**3 + 1/2*o**4 + 0. Calculate m(y).
-12
Let h(b) be the second derivative of -b**6/120 + b**5/60 + b**4/12 + 11*b**3/6 + 11*b. Let m(q) be the second derivative of h(q). Determine m(2).
-6
Let j(n) = 0 + 28 - 7*n - 32. Let g(p) = 2*p - 1. Suppose -2*h - 3*c = 8, -4*h + 0*h = 3*c + 10. Let i be g(h). Calculate j(i).
17
Let b(a) = 13*a - 3. Let u(i) = -6*i + 1. Let o(s) = 2*b(s) + 5*u(s). Let q = 11 + -12. Determine o(q).
3
Let u(j) = j**2 - 6*j + 1. Let g be -1*(5 + -4 + -2). Let h be g + -1 + (-1 - -4). Suppose -2*v = -3*a - a + 16, 0 = h*a + 2*v - 5. What is u(a)?
-8
Let u(d) = 3*d - 20. Let b(s) = 43*s - 164. Let n be b(4). Give u(n).
4
Let b(t) = 5*t**2 - 6*t + 4. Let f(j) = -j**2 + 1. Let s(c) = -b(c) - 4*f(c). Suppose -2*v + 44 = 5*i, -39*i - 12 = -41*i. What is s(v)?
-15
Let u(h) = -2 - 8*h + 8*h - h**2. Suppose 0 = -4*b + z - 11, 98*b + 3*z - 17 = 102*b. Determine u(b).
-6
Let t(f) = f**2 - 7*f + 7. Suppose -27*r + 16 = -25*r. Give t(r).
15
Let t(m) = -m + 9. Let s = 89 + -83. What is t(s)?
3
Let b be 3*16 - (-1)/1. Suppose 2*s + b = -5*s. Let h(f) = f + 9. What is h(s)?
2
Let z(l) = -l**2 + 5*l - 5. Suppose 10 = -t + 3*t. Let g be z(t). Let c(k) = -k**2. Let i(d) = d**3 - d**2 + 2*d - 2. Let r(y) = g*c(y) + i(y). What is r(-4)?
-10
Let y(i) = -i**2 - 5*i - 2*i**2 + 3 + 13 - 29 + 9. Calculate y(-4).
-32
Let x(j) = 0*j**2 - 11*j**2 - j**3 + 2*j**2 - 2*j - 6*j - 1. Let f be x(-8). Let o(u) = -2*u**2 + 13 + 3*u**2 - 12. Calculate o(f).
2
Let j(r) = 7. Let q(z) = -z - 6. Let w(u) = -2*j(u) - 3*q(u). Let n(l) = 5*l + 7. Let f(o) = 4*n(o) - 7*w(o). Calculate f(7).
-7
Let p(i) = -8*i - 5. Suppose 3*q + 2*q = 20, -2*v - 4*q + 26 = 0. Suppose 3*l = -2*k - 18, l - 2*k - k - v = 0. Calculate p(l).
27
Let b(x) be the second derivative of x**5/10 + x**4/12 - x**3/2 - x**2 - 312*x. Let v(d) = d**3 + 5*d**2 - d - 7. Let p be v(-5). Determine b(p).
-8
Suppose 3*d - 561 = -564. Let q(f) = -3*f**2 - 2*f - 2. Give q(d).
-3
Let d(m) be the second derivative of m**5/20 + m**4/4 + m**3/3 + 62*m. What is d(-2)?
0
Let f(b) be the second derivative of -b**5/20 - 5*b**4/12 - b**2/2 - 67*b. Suppose -9*r - 20 = -4*r. Determine f(r).
-17
Let m(t) = 2*t**2 - 5*t + 5. Suppose 28*n - 41*n + 65 = 0. Give m(n).
30
Let x(j) = j**3 + 8*j**2 - 9*j + 7. Let f be ((-38)/(-8) + (-18)/72)*-2. Calculate x(f).
7
Let f(z) = z - 1. Let w(s) = 10*s - 12. Let b(j) = -5*f(j) + w(j). Calculate b(-6).
-37
Let j(y) = y**3 - 4*y**2 - 7*y + 14. Let s be j(5). Let n(r) = -2*r**2 - 5. Calculate n(s).
-37
Let